ve x(-115).
-523
Let d(t) = t**3 - 79*t**2 - 1501*t + 4448. Give d(-18).
38
Let p(d) = -77*d**2 + 4708*d - 14029. Determine p(58).
7
Let m(k) = 330*k - 5956. Calculate m(18).
-16
Let m(x) = -442*x + 2605. What is m(6)?
-47
Let m(z) = -7*z**3 + 25*z**2 + 3150*z - 12571. Calculate m(4).
-19
Let v(f) = -9*f**2 + 404*f + 7536. What is v(-16)?
-1232
Let q(x) = 53*x + 481. Give q(-15).
-314
Let p(w) = -159*w - 3191. Determine p(-22).
307
Let p(g) = -16791*g - 16789. Give p(-1).
2
Let f(r) = 975*r - 117031. What is f(120)?
-31
Let g(i) = -3*i**3 + 5*i**2 + 7*i - 4. What is g(5)?
-219
Let y(d) = -d**3 + 65*d**2 + 3378*d - 341. What is y(99)?
847
Let d(f) = -f**2 - 1685*f - 207824. Determine d(-134).
10
Let p(m) = 2*m**2 + 147*m - 31993. Calculate p(95).
22
Let p(c) = -32750*c - 6648284. Determine p(-203).
-34
Let k(h) = h**3 + 14*h**2 + 4386*h + 56837. What is k(-13)?
-12
Let j(w) = 4*w**2 - 13213*w - 212430. What is j(-16)?
2
Let q(o) = -o**3 - 97*o**2 - 1116*o - 2890. Determine q(-84).
-874
Let d(m) = 39516*m + 1264509. Determine d(-32).
-3
Let t(x) = 822*x + 181702. Give t(-221).
40
Let f(w) = -11*w**2 - 7869*w - 2871. Give f(-715).
-11
Let v(n) = -n**3 + 21*n**2 + 81*n - 699. Calculate v(5).
106
Let q(s) = 5*s**3 + 37*s**2 - 214*s - 182. Give q(-11).
-6
Let h(l) = -l**3 - 9*l**2 + 1065*l - 785. What is h(28)?
27
Let v(a) = -a**3 - 98*a**2 - 217*a - 2392. Calculate v(-96).
8
Let w(j) = 1140*j - 42178. Calculate w(37).
2
Let g(v) = 9826*v - 39275. What is g(4)?
29
Let l(x) = -1603*x - 3217. Calculate l(-2).
-11
Let b(k) = 28*k**3 + 4843*k**2 - 5043*k + 432. Determine b(-174).
-90
Let c(a) = -2716*a + 35314. Give c(13).
6
Let l(h) = h**3 - 2*h**2 + 10683*h - 107067. Calculate l(10).
563
Let q(z) = -36*z**2 + 44. Give q(-8).
-2260
Let o(n) = 23*n**2 - 5516*n - 1008. Determine o(240).
-48
Let r(a) = -a**3 + 20*a**2 - 3467*a + 65580. Give r(19).
68
Let m(x) = -x**3 + 45*x**2 - 46*x - 2158. Calculate m(43).
-438
Let b(c) = 6*c**3 + 49*c**2 + 68*c + 87. Determine b(-8).
-393
Let z(n) = -3*n**2 + 260*n - 5311. Calculate z(22).
-1043
Let p(u) = 2*u**2 + 2006*u - 274538. What is p(122)?
-38
Let b(w) = w**3 - 289*w**2 + 2204*w + 12292. Give b(281).
-72
Let h(s) = 10*s**2 - 251*s - 26. Determine h(25).
-51
Let l(m) = 440*m - 136822. Determine l(311).
18
Let b(s) = -s**3 + 131*s**2 - 631*s - 239. What is b(126)?
-365
Let i(c) = -4400*c + 457562. Give i(104).
-38
Let f(x) = -163*x + 1933. Give f(9).
466
Let k(o) = 16*o**2 + 2005*o + 7765. Give k(-4).
1
Let i(g) = -1612*g - 122114. Determine i(-76).
398
Let z(x) = 439006*x - 4389986. Determine z(10).
74
Let c(y) = y**3 - 34*y**2 + 81*y - 1499. Determine c(33).
85
Let q(r) = -r**2 - 33*r + 206. Determine q(8).
-122
Let u(y) = -6*y**2 + 231*y - 2269. Calculate u(10).
-559
Let h(w) = w**3 + 45*w**2 + 282*w - 536. Calculate h(-37).
-18
Let k(b) = 33*b**3 + 4*b**2 - 166*b - 800. What is k(-5)?
-3995
Let r(u) = -84*u**3 + 6*u**2 - 768*u - 2301. Calculate r(-3).
2325
Let a(w) = -4*w**2 + 141*w - 1511. What is a(12)?
-395
Let l(q) = -668*q - 6720. What is l(-10)?
-40
Let s(d) = -45*d**2 + 253*d + 1440. Determine s(9).
72
Let z(n) = -98822*n + 1679972. Calculate z(17).
-2
Let a(w) = -9*w**2 + 1069*w + 8722. Give a(-8).
-406
Let v(q) = -48*q + 2635. Calculate v(46).
427
Let c(l) = 4*l**2 - 1092*l - 38998. Give c(305).
42
Let f(n) = -25234*n - 18572225. Determine f(-736).
-1
Let k(n) = -3*n**3 - 1631*n**2 + 5461*n - 4889. What is k(-547)?
34
Let s(j) = j**2 + 524*j - 60125. Determine s(-621).
112
Let t(s) = -s**2 + 4303*s + 77789. Give t(-18).
11
Let y(p) = -p**3 + 206*p**2 - 840*p + 7614. What is y(202)?
1150
Let d(r) = -r**3 + 175*r**2 - 1212*r + 6177. What is d(168)?
129
Let d(t) = -2*t**2 - 78*t + 1009. What is d(-49)?
29
Let l(a) = -7833*a - 55048. Determine l(-7).
-217
Let b(u) = 5910*u + 94575. Calculate b(-16).
15
Let i(p) = p**2 - 92*p - 651. Calculate i(40).
-2731
Let w(f) = -f**3 + 120*f**2 - 241*f - 545. Calculate w(118).
-1135
Let z(q) = 117*q**2 - 22805*q - 1962. Give z(195).
-12
Let f(x) = -4*x**3 - 2953*x**2 - 712*x + 19224. What is f(-738)?
36
Let o(d) = -1047*d**2 + 6297*d - 88. Determine o(6).
2
Let b(q) = -q**3 + 21*q**2 + 67*q - 35. What is b(-3)?
-20
Let b(q) = q**2 - 402*q + 14822. Calculate b(41).
21
Let s(x) = -3*x**3 + 35*x**2 - 1541*x - 3159. What is s(-2)?
87
Let y(c) = c**2 + 2001*c + 9980. Determine y(-5).
0
Let b(x) = 2545*x + 186242. Calculate b(-73).
457
Let c(t) = -t**3 + 47*t**2 - 339*t + 7. Determine c(6).
-551
Let r(z) = 25*z**2 - 5909*z + 163472. Give r(32).
-16
Let o(t) = 3*t**3 + 13*t**2 + 323*t - 2797. Give o(8).
2155
Let n(t) = -440*t - 24050. Determine n(-55).
150
Let p(q) = 4*q**2 - 115*q + 1047. Determine p(9).
336
Let l(y) = -y**2 + 4840*y - 97356. Determine l(20).
-956
Let j(v) = v**3 - 226*v**2 - 4697*v + 10294. Give j(245).
4
Let d(v) = 12755*v - 446553. Calculate d(35).
-128
Let r(o) = -o**2 - 151*o - 3281. Calculate r(-23).
-337
Let r(i) = -2*i**3 - 2*i**2 + 25*i - 15. Give r(-5).
60
Let s(b) = -21*b**3 - 72*b**2 + 132*b - 162. Give s(-5).
3
Let z(k) = -k**2 + 78*k - 1182. Calculate z(50).
218
Let d(r) = 711864*r + 46271163. Determine d(-65).
3
Let x(b) = -27*b**3 - 341*b**2 + 20*b + 35. Give x(-13).
1465
Let x(k) = -35*k**2 + 55*k - 13. Determine x(5).
-613
Let o(l) = -1266*l + 6322. Calculate o(5).
-8
Let y(j) = -6*j**2 - 3059*j - 99282. Give y(-475).
-7
Let f(z) = -z**3 + 67*z**2 + 726*z - 2492. Give f(-12).
172
Let b(n) = 5695*n + 216400. Give b(-38).
-10
Let z(q) = -q**3 + 63*q**2 + 431*q - 768. Determine z(69).
405
Let q(j) = -114*j - 5066. Give q(-44).
-50
Let a(w) = -w**3 + 5*w**2 - 2175*w + 29609. What is a(13)?
-18
Let b(j) = 8322*j**2 - 108184*j - 32. Determine b(13).
-6
Let a(y) = y**2 - 30*y - 1326. Calculate a(48).
-462
Let m(i) = i**3 + 71*i**2 + 212*i - 138. Give m(-67).
3614
Let c(o) = 10*o**3 + 9*o**2 + 162*o - 385. Calculate c(2).
55
Let g(s) = 2*s**3 + 20*s**2 - 35*s + 265. Determine g(-15).
-1460
Let l(f) = -9090*f + 9217. Calculate l(1).
127
Let b(r) = -427*r + 145811. Determine b(340).
631
Let w(u) = 57*u**3 - 292*u**2 + 6*u + 141. Give w(5).
-4
Let g(a) = 5*a**3 + 2*a**2 - 33*a + 86. Calculate g(3).
140
Let t(d) = -d**2 + 4472*d - 251674. Calculate t(57).
-19
Let f(n) = -35*n**3 + 170*n**2 - 677*n - 39. What is f(4)?
-2267
Let i(r) = r**3 + 14*r**2 + 131*r + 696. Calculate i(-8).
32
Let m(f) = 5*f**3 + 2*f**2 - 43*f + 174. Give m(4).
354
Let f(w) = -2*w**3 + 3*w**2 - 19*w + 98. What is f(-6)?
752
Let r(g) = 2457*g - 162179. What is r(66)?
-17
Let s(l) = 54*l**2 - 1506*l + 4509. Give s(3).
477
Let l(o) = -139111*o + 4451548. Calculate l(32).
-4
Let w(h) = 18*h**2 + 536*h - 88. Determine w(-30).
32
Let m(q) = -2*q**2 + 2451*q - 36261. Calculate m(15).
54
Let n(a) = 459*a - 9626. Calculate n(21).
13
Let h(u) = -1872*u - 6250. Give h(-3).
-634
Let g(b) = 4*b**2 + 730*b - 12728. Give g(16).
-24
Let v(p) = -5*p**2 - 562*p - 11050. What is v(-87)?
-1
Let u(s) = -26*s**2 - 768*s + 206. Determine u(-25).
3156
Let t(c) = -25848*c + 646406. Give t(25).
206
Let s(g) = 313*g - 8845. Calculate s(28).
-81
Let q(c) = -2*c**2 + 2203*c + 164015. Give q(-70).
5
Let h(x) = x**3 - 535*x**2 - 1049*x - 13286. Determine h(537).
139
Let b(q) = -137*q**2 + 3834*q - 43. Determine b(28).
-99
Let a(t) = -t**2 - 4124*t - 37168. Give a(-9).
-133
Let p(t) = t**3 - 94*t**2 + 709*t + 4761. Calculate p(85).
1
Let u(f) = -f**3 + 71*f**2 - 199*f - 66. Calculate u(68).
274
Let k(o) = -13*o**2 - 33*o + 638. What is k(7)?
-230
Let q(o) = 95*o - 3586. Calculate q(5).
-3111
Let l(i) = -i**2 + 2167*i - 191069. Give l(92).
-169
Let w(y) = -4*y**3 - 592*y**2 - 2009*y - 38997. Calculate w(-145).
8
Let u(n) = 41292*n - 825836. Determine u(20).
4
Let b(d) = 51*d**3 + 3*d**2 - 25. What is b(-3)?
-1375
Let q(m) = 2*m**2 + 2979*m - 215069. What is q(69)?
4
Let v(t) = 14*t**2 - 3866*t - 7777. Determine v(-2).
11
Let k(u) = u**3 - 97*u**2 + 2345*u + 203. Determine k(47).
-32
Let h(m) = 5*m**2 - 94*m - 894. What is h(26)?
42
Let h(z) = 3*z**2 + 10*z - 5728. Give h(42).
-16
Let c(d) = -9810*d + 922145. Determine c(94).
5
Let w(p) = 4*p**2 - 148*p + 2167. Calculate w(21).
823
Let s(k) = 3*k**2 - 91*k + 585. What is s(9)?
9
Let q(h) = -938*h - 7957. Determine q(-16).
7051
Let u(j) = 121*j**2 - 958*j +